 base 12.
-2049
Convert 612 (base 8) to base 4.
12022
Convert 2252 (base 6) to base 16.
218
Convert 100011110100 (base 2) to base 14.
b9a
-b109 (base 12) to base 11
-1343a
Convert 34030 (base 6) to base 11.
3647
Convert 2ae (base 16) to base 13.
40a
What is -146 (base 7) in base 8?
-123
122330 (base 5) to base 11
35a7
-12b (base 12) to base 5
-1204
What is 21202 (base 5) in base 10?
1427
-2b4c (base 13) to base 8
-14255
Convert 875 (base 9) to base 4.
23030
What is -12221121 (base 3) in base 7?
-15433
Convert -595 (base 12) to base 8.
-1501
12c (base 13) to base 14
10b
-4014 (base 5) to base 2
-111111101
-4993 (base 11) to base 10
-6515
Convert e6e (base 15) to base 14.
1286
Convert -2520 (base 6) to base 13.
-390
Convert 7345 (base 9) to base 10.
5387
What is 12100 (base 4) in base 15?
1ba
Convert 322001 (base 5) to base 9.
15824
What is 9899 (base 11) in base 7?
53030
What is 1004 (base 5) in base 11?
108
Convert 331021 (base 4) to base 14.
15d7
What is 104302 (base 6) in base 5?
240000
Convert 2310 (base 4) to base 15.
c0
-c63 (base 15) to base 14
-1037
What is -3515 (base 8) in base 16?
-74d
What is 444 (base 11) in base 16?
214
Convert 202221221 (base 3) to base 12.
8a14
What is 10010111000101 (base 2) in base 13?
452a
Convert 684 (base 14) to base 6.
5552
What is 733 (base 11) in base 9?
1181
-22128 (base 9) to base 7
-60551
What is 277 (base 14) in base 13?
2c3
What is a612 (base 15) in base 2?
1000100100101101
Convert -1f7 (base 16) to base 9.
-618
What is -2100101 (base 3) in base 12?
-ba7
What is 4651 (base 8) in base 14?
c89
575 (base 12) to base 3
1002222
What is -35879 (base 10) in base 6?
-434035
Convert 33333 (base 4) to base 13.
609
What is 599 (base 15) in base 2?
10011110101
Convert 246b (base 15) to base 2.
1111001000111
Convert 1366c (base 13) to base 2.
1000110110100000
-10101111010 (base 2) to base 7
-4042
Convert -5b30 (base 12) to base 4.
-2200110
Convert 20225 (base 6) to base 10.
2681
Convert 62451 (base 9) to base 16.
a0ea
What is -102110122 (base 3) in base 13?
-3a61
254144 (base 6) to base 8
54660
21c1 (base 15) to base 8
15764
Convert 457 (base 15) to base 13.
5a7
What is -4266 (base 13) in base 16?
-23fa
Convert 662 (base 12) to base 13.
572
What is -3111 (base 14) in base 13?
-3ac6
What is 339 (base 16) in base 4?
30321
What is 3411424 (base 5) in base 15?
12cae
-3323 (base 4) to base 3
-100022
-101001010011 (base 2) to base 10
-2643
Convert 20d6 (base 15) to base 16.
1b27
Convert -1101111010110 (base 2) to base 14.
-2850
-1315 (base 12) to base 6
-14025
Convert 40d7 (base 16) to base 8.
40327
462 (base 7) to base 6
1040
Convert -1001101111110110 (base 2) to base 13.
-15233
Convert 2363 (base 12) to base 8.
7573
What is 44451 (base 7) in base 11?
846a
What is -371 (base 10) in base 9?
-452
Convert 28 (base 14) to base 5.
121
What is -251 (base 13) in base 12?
-298
What is -61 (base 11) in base 16?
-43
Convert -4014 (base 5) to base 4.
-13331
What is 9700 (base 10) in base 14?
376c
Convert 597 (base 12) to base 5.
11320
-21210102 (base 3) to base 7
-22364
-a2 (base 11) to base 3
-11011
What is -24027 (base 11) in base 2?
-1000011101001011
Convert -100101010010 (base 2) to base 14.
-c26
Convert 556 (base 15) to base 6.
5330
What is -33211 (base 4) in base 10?
-997
Convert -cd82 (base 16) to base 14.
-1525c
Convert -1023 (base 5) to base 13.
-a8
Convert 21100 (base 3) to base 9.
240
-47af (base 16) to base 2
-100011110101111
2162 (base 8) to base 3
1120011
44 (base 5) to base 9
26
Convert -111210121 (base 3) to base 7.
-41221
Convert -1101101001 (base 2) to base 16.
-369
Convert 12365 (base 9) to base 2.
10000010000001
11b29 (base 12) to base 6
303253
What is 5929 (base 10) in base 14?
2237
What is -600 (base 15) in base 14?
-6c6
What is -211000 (base 3) in base 16?
-252
Convert 3302 (base 10) to base 12.
1ab2
5013 (base 6) to base 14
57b
9497 (base 14) to base 12
129a5
Convert 12556 (base 8) to base 10.
5486
-34412 (base 6) to base 5
-124104
What is 210300 (base 4) in base 9?
3203
255 (base 14) to base 12
32b
What is -148 (base 10) in base 12?
-104
Convert 39324 (base 10) to base 12.
1a910
Convert -13a24 (base 12) to base 16.
-6afc
Convert 42104 (base 7) to base 16.
2867
What is -1d1 (base 15) in base 7?
-1141
What is -11010110111 (base 2) in base 6?
-11543
10016 (base 11) to base 4
3211002
3742 (base 9) to base 5
42132
What is 629 (base 11) in base 6?
3301
What is 5016 (base 7) in base 13?
a2c
What is 221100012 (base 3) in base 16?
4829
What is 9252 (base 11) in base 6?
132502
Convert -11122210 (base 3) to base 16.
-d44
Convert 1c377 (base 14) to base 7.
420010
What is -1221311 (base 4) in base 10?
-6773
What is 54c (base 16) in base 15?
606
What is -100001001010 (base 2) in base 16?
-84a
Convert 1922 (base 11) to base 16.
98c
20201220 (base 3) to base 9
6656
Convert -3655 (base 16) to base 4.
-3121111
14 (base 13) to base 4
101
10000101001001 (base 2) to base 3
102200121
352220 (base 6) to base 9
45533
What is 1b4c (base 13) in base 3?
12122121
-596 (base 12) to base 9
-1126
-6baa (base 13) to base 3
-202211021
Convert b9d (base 15) to base 8.
5077
Convert 1010101000101010 (base 2) to base 7.
241001
-1aa (base 12) to base 9
-334
-203 (base 15) to base 11
-382
-26b (base 14) to base 2
-111100111
What is 110 (base 9) in base 14?
66
Convert 862a (base 14) to base 2.
101101001111110
What is -2444 (base 6) in base 2?
-1001011100
Convert 48 (base 12) to base 9.
62
Convert 1004142 (base 5) to base 11.
11172
1f5a (base 16) to base 4
1331122
-11511 (base 6) to base 8
-3243
What is 69 (base 11) in base 8?
113
What is -8de8 (base 16) in base 7?
-210625
Convert -610e (base 15) to base 3.
-1001002212
What is 54d (base 16) in base 8?
2515
Convert -1730 (base 9) to base 11.
-aa3
24641 (base 9) to base 10
16561
Convert -23011 (base 12) to base 16.
-b64d
Convert 2638 (base 9) to base 14.
a15
Convert 1355 (base 12) to base 3.
10001102
What is -4360 (base 10) in base 9?
-5874
1001111000 (base 2) to base 4
21320
6b92 (base 13) to base 7
62125
-31b4 (base 16) to base 15
-3b84
What is -1b0 (base 16) in base 6?
-2000
11301 (base 6) to base 13
979
Convert -2616 (base 9) to base 4.
-132213
-10323 (base 4) to base 8
-473
Convert -1107 (base 13) to base 3.
-10020220
Convert -2566 (base 8) to base 5.
-21043
-241 (base 5) to base 14
-51
-ab11 (base 15) to base 3
-1211201021
-127bb (base 12) to base 14
-9343
What is -1111011001 (base 2) in base 7?
-2605
What is -cc27 (base 14) in base 7?
-204650
a00 (base 11) to base 4
102322
-2155 (base 6) to base 5
-4003
10100001100111 (base 2) to base 7
42104
Convert -422036 (base 7) to base 2.
-10001110000100111
Convert 114c (base 14) to base 15.
d58
Convert -32333 (base 4) to base 9.
-1275
-9178 (base 15) to base 7
-155354
What is -49a (base 12) in base 16?
-2b6
What is 10010111001111 (base 2) in base 16?
25cf
196b (base 12) to base 2
110000100011
What is 2557 (base 9) in base 3?
2121221
-2bb (base 12) to base 15
-1db
Convert -12 (base 6) to base 8.
-10
7154 (base 12) to base 14
46ac
Convert -6033 (base 10) to base 6.
-43533
Convert -100001000101011 (base 2) to base 11.
-117aa
Convert 1705 (base 8) to base 13.
593
6032 (base 8) to base 9
4222
What is -424 (base 11) in base 3?
-200220
-40141 (base 8) to base 15
-4d3b
Convert -f1 (base 16) to base 2.
-11110001
What is -44364 (base 8) in base 13?
-8668
What is 1324 (base 5) in base 4?
3112
What is -475 (base 12) in base 10?
-665
What is 36881 (base 9) in base 7?
132145
Convert -590a (base 13) to base 3.
-122011120
3adb (base 14) to base 16
2891
Convert 120011 (base 3) to base 8.
631
Convert -55365 (base 7) to base 9.
-21070
What is -7740 (base 10) in base 12?
-4590
Convert 2431404 (base 5) to base 8.
131436
Convert -10330 (base 6) to base 7.
-4101
Convert 4102 (base 7) to base 5.
21143
What is 322a (base 13) in base 3?
100112222
What is -1cc71 (base 14) in base 2?
-10010000001000011
-540d (base 15) to base 7
-102601
Convert -174 (base 8) to base 16.
-7c
-12792 (base 10) to base 3
-122112210
Convert 2211000 (base 3) to base 12.
1230
120431 (base 6) to base 2
10100100100011
What is -1111100011 (base 2) in base 11?
-825
Convert -4a (base 16) to base 2.
-1001010
289 (base 12) to base 15
1b3
Convert 4f5 (base 16) to base 15.
599
-10010001111 (base 2) to ba